 v(q) = -13*q**2 + 14*q - 3. Let t(r) = 24*r**2 - 27*r + 4. Let o(p) = 6*t(p) + 11*v(p). What is o(10)?
11
Let b = 1281 - 1285. Let m(d) = -2*d**2 - 5*d. Calculate m(b).
-12
Let c(f) = f + 2. Suppose -12 = -9*a + 6*a. Give c(a).
6
Let y = -25 - -24. Let k(d) = -d. Let a(i) = -i**2 + 9*i + 2. Let t(g) = y*a(g) - 6*k(g). Let b(x) = x**2 - 1. Let q be b(-2). Determine t(q).
-2
Let z(u) = -u**2 - u + 1. Let l(y) = 5*y**2 - y. Let p(f) = l(f) + 3*z(f). Calculate p(2).
3
Suppose 84*h = 78*h + 24. Let b(m) = -3*m + 15. Give b(h).
3
Let k(a) be the third derivative of a**5/30 + a**4/2 - a**3 - 203*a**2. Determine k(-7).
8
Let m = 42 - 34. Suppose 19*l = 23*l - m. Let d(v) = 2*v - 1. Determine d(l).
3
Let v(r) = -r + 14. Let a(y) = -65*y + 37*y + 27*y**3 - 22 + 17*y**2 - 28*y**3. Let w be a(15). What is v(w)?
6
Let z(r) = r + 3. Let a(u) = 150*u + 375. Let h(p) = a(p) - 125*z(p). Determine h(1).
25
Suppose 0 = -277*a + 285*a + 152. Let o(f) = f**2 + 19*f + 11. Calculate o(a).
11
Let n(x) = 13*x**2 + 13*x - 3. Let u(p) = 13*p**2 + p + 10. Let c(d) = -14*d**2 - 12. Let f(a) = 6*c(a) + 7*u(a). Let z(k) = -11*f(k) + 6*n(k). Give z(-2).
6
Let y(u) = u + 0*u + 0 - 2 + 0*u. Let q(a) = a + 29. Let j be q(-12). Suppose -t + 3*z - 3 = -z, 3*t + z = j. Calculate y(t).
3
Let p(q) = q**2 - q. Let t(x) = -2*x + 1. Let f(z) = 6*p(z) - t(z). Let o be f(-2). Let g = 30 - o. Let k(b) = 11*b**3 + 2*b**2 + b. Determine k(g).
-10
Let w(y) = -y - 4. Let g(t) = -t**2 - 3*t + 3. Let r be g(-3). Suppose 2 = -v + r. Let s be v/1 - (-8 + 4). Give w(s).
-9
Let u(f) = -3*f - 3. Let h be (1*(-3 + -4) - -3) + -38. Let p be 4/(-7) + 60/h. Calculate u(p).
3
Let n(f) = 2*f**2 + 2. Suppose 34 = 2*y + 40. Give n(y).
20
Let b be 1 - -1 - (2 + -1). Let i(q) = 3*q**2 - 5*q + 4. Let z(o) = o**2. Let a(n) = b*i(n) - 2*z(n). What is a(3)?
-2
Let u be -2*1*(-15)/10. Suppose -u*f = -2*l + 8, 5*f + 11 = 5*l - 4. Let w(k) = k + 2. Calculate w(f).
0
Let q(j) = -4*j - 1. Let v(l) = l - 7. Let a be v(3). Let o be 1/((a - -6) + -3). Determine q(o).
3
Suppose -2*k - 3*h = -26, 3*h - 40 - 7 = -5*k. Let s(x) = -15*x - k + 14*x + 0 - 3. Give s(0).
-10
Let c(f) = -3*f - 16. Let x be c(-7). Suppose x*l = -0*l + 30. Let b(h) = -h**3 + 5*h**2 + 6*h - 6. Give b(l).
-6
Let s(g) = -g**2 + 5*g + 4. Let f = 7 - 4. Let a be -1*((1 - 25) + f). Let d = a + -17. Determine s(d).
8
Let w(m) = m - 2. Let r(n) = 5*n - 1. Let z(x) = -r(x) + 3*w(x). Let p(l) = l**3 - 3*l**2 - l + 2. Suppose 7 + 1 = 4*i. Let o be p(i). What is z(o)?
3
Let d be (5/((-70)/(-8)))/((-4)/(-28)). Let x(s) = 6*s**2 + 2*s**3 - 6 - d*s - s**3 - 2*s**3 + 2. Give x(4).
12
Let p(t) = -t**2 + 11*t - 2. Let b(y) = y**2 - 22*y + 4. Let r(z) = -3*b(z) - 5*p(z). Let k(c) = 3*c**2 + 17*c - 3. Let o(v) = -5*k(v) + 7*r(v). Give o(-8).
1
Let o(a) be the first derivative of -a**5/30 + a**4/24 + a**3/6 - 25*a**2/2 - 29. Let k(y) be the second derivative of o(y). Determine k(2).
-5
Suppose -3*k - 35 = v - 48, -4*k = 5*v - 32. Let z(l) be the third derivative of -7*l**2 - 7/24*l**v + 5/6*l**3 + 0 + 0*l - 1/60*l**5. Give z(-7).
5
Let s(w) = 4*w**3 - 3*w**2 + 13*w - 13. Let a(v) = -v + 1. Let r(x) = 22*a(x) + 2*s(x). Let t(d) = d**2 - d + 1. Let z(k) = r(k) + 5*t(k). Calculate z(1).
7
Let s be (-9)/(1026/12) + (-156)/(-38). Let b(d) be the first derivative of 0*d**2 + 2*d**3 + 0*d + 1/4*d**s - 8. Calculate b(-6).
0
Let v be 8/2 + (13 - 17). Let z(f) = -f**3 - f**2 + 12. What is z(v)?
12
Suppose -4*f = l - 4, -2*l + 4 + 4 = 2*f. Let m(w) = -209*w**2 + 1 + 206*w**2 + f. Calculate m(-1).
-2
Let o(u) = u**2 + 5*u - 6. Let q(s) = s + 3. Let i be q(4). Suppose i*a = -9*a - 80. What is o(a)?
-6
Let h = -57 - -60. Let d(m) = -3*m**2 + 2677 + 4*m**h - 2675 - 4*m - 3*m**3. Determine d(4).
2
Let t be 6/(-4)*4/(-3). Let o = 77 + -74. Let v(m) = 3*m - o*m + 0*m - 6*m**t. Determine v(-1).
-6
Let c = 2 + 0. Let w be (-3 + c)/((-2)/(-6)). Let x(t) = -7*t + t - t - 2 + 6*t. Give x(w).
1
Suppose -2*h = -4*h + 40. Suppose -2 = 3*t - h. Let a(n) = n + t*n**2 + 0*n**2 - 7*n**2. Determine a(-2).
-6
Suppose -6*b = -58 - 26. Suppose -3*v + b = -4. Let q(z) = 2*z - 3. Give q(v).
9
Let a = 84 - 95. Let u(i) = -i**2 - 13*i - 12. Give u(a).
10
Let s(x) = -2*x - 8 + 15*x + x + x**2 + 0*x - 10*x. Suppose -26 - 4 = 5*o. Give s(o).
4
Let a(k) be the second derivative of 1/6*k**3 + 0 - 19/2*k**2 + 36*k - 1/12*k**4. Give a(0).
-19
Let l = 82 + -93. Let u(p) = -p - 12. Determine u(l).
-1
Let s = -1369 - -1376. Let h(o) = -14 - 7*o + 3*o**2 + 4 - 2*o**2 + o. Determine h(s).
-3
Let c(v) = -2*v**2 - 7*v - 9. Let h = 316 - 322. Determine c(h).
-39
Let s(r) = r**3 + 6*r**2 - 1. Suppose 2*d = d - 5. Let c = d - 1. Let v be s(c). Let j(a) = 3*a + 1. What is j(v)?
-2
Let d(l) be the first derivative of 1/2*l**2 + l + 32 - 14/3*l**3. Give d(-1).
-14
Let r(f) = f**2 + 3*f + 3. Let u be r(-4). Suppose -j - 8 = u*j. Let z(i) = -i - 1. What is z(j)?
0
Let c(q) = -q**3 - q. Let f(a) = a**3 + a + 1. Let t(s) = -4*c(s) - 3*f(s). Suppose -2*h - 2 = 3*m, -h + 5*h = -4. Calculate t(m).
-3
Let d(m) = 44*m**3 - 1 + 14669*m - 14669*m. Give d(-1).
-45
Let y(r) = 24*r**3 + r**2 + r. Let v be y(-1). Let a = -11 - v. Suppose 15 = -3*z, -d + 5*z + a = 2*z. Let b(q) = -4*q. Determine b(d).
8
Let r(s) = -s**2 - 9*s + 6. Let l be 25*20/50*-1. Determine r(l).
-4
Let i(p) = 3*p - 10*p**2 + 4*p - 1 - p**3 - 8*p - 6. Determine i(-10).
3
Suppose 29 = -2*z - 55. Let n = -17 - z. Let x = 30 - n. Let i(f) = f**2 - 5*f + 3. Give i(x).
3
Let l(a) = 4*a**3 + a**2 - 2*a + 1. Let z be l(1). Let d(w) = w**2 - w. Let y(f) = -7 + f**2 + 11*f - 10*f + 2 + 1. Let g(r) = 2*d(r) - y(r). Give g(z).
8
Let j(p) = -p**3 - 8*p**2 - 2*p - 6. Suppose -42*c = 158 + 136. Determine j(c).
-41
Let p(u) = u**2 - 7*u - 1. Suppose 4 = 5*q + r, q + 8 = 4*q - 5*r. Let m(x) = 3*x + 3. Let s be m(q). Calculate p(s).
-7
Let l(p) = -10*p**2 + 145*p + 25. Let h(z) = -4*z**2 + 49*z + 8. Let o(g) = -11*h(g) + 4*l(g). Determine o(-10).
2
Let h(u) = 2*u + 1. Let o(i) = i + 1. Suppose -19 + 3 = -4*c. Let r(z) = c*h(z) - 5*o(z). Suppose 3*b = -w + 8, 5 + 11 = 4*b - 4*w. What is r(b)?
8
Let r(a) = a**2 + 4*a - 1. Suppose -2*w = -8, -2*y + 6*y + 100 = -w. Let o = y - -22. Determine r(o).
-1
Suppose -5*s - 2*d + 20 = 0, -2*s = 2*s - d - 29. Let z(i) = -5*i + i**2 - 2*i - 1 + 0*i + 2*i. What is z(s)?
5
Let p(t) = 20*t**3 + t**2 - 3*t + 2. Let f be p(1). Let r be -5 + 104/f - (-52)/(-10). Let m(n) = -3*n - 4. Determine m(r).
11
Let z(v) = -v**3 - 8*v**2 - 4*v + 6. Suppose -2*j = 5*q + 9, -20*j + 2*q - 23 = -17*j. Give z(j).
-15
Let y(u) = 6*u**2 - 8*u - 6. Let f(x) = -7*x**2 + 9*x + 7. Let k(q) = -5*f(q) - 6*y(q). Calculate k(2).
3
Let c(u) = -11*u**3 + 19*u**2 - 52*u - 29. Let s(g) = -5*g**3 + 8*g**2 - 25*g - 14. Let r(q) = -6*c(q) + 13*s(q). Calculate r(11).
-30
Let o(m) be the third derivative of m**6/180 + m**5/120 - m**4/4 + 11*m**2. Let u(a) be the second derivative of o(a). Calculate u(-1).
-3
Suppose -w - 2*w + 3 = 0. Suppose w = -p, -2*k - 2 = -k - 5*p. Let b(y) = -y**2 - 7*y + 4. Let v be b(k). Let q(l) = -l**3 + 6*l**2 - 6*l. Determine q(v).
8
Let i(b) = -4*b + 2*b + 0*b. Let c(a) = -8*a**2 - a + 5. Let z be c(0). Suppose -3*y - 4*d + 17 = -8*d, -d = z. Calculate i(y).
2
Let y(m) = 6*m**2 - 55*m**2 + 37*m**2 + 22*m**2. Let j = -2 - -3. Calculate y(j).
10
Let z(b) = b + 3. Let i be (-14)/8 - (3 + 22/(-8)). What is z(i)?
1
Let n(x) = -12*x**3 + 2*x**2 + 5*x + 5. Let i be n(-1). Let p(s) = 2*s**2 - 26*s - 25. What is p(i)?
3
Let d(u) be the third derivative of u**5/60 + u**4/4 + 3*u**3/2 + 145*u**2 + 1. What is d(-6)?
9
Let i be (2*2/(-4))/(13/13). Let h(t) = -1. Let w(c) = -2*c - 2. Let o(a) = i*w(a) - 4*h(a). Give o(-5).
-4
Let c(k) = -2*k**2 + k + 7 - 9*k**2 + 2*k**2 + 8*k**2. Determine c(5).
-13
Let p(u) = -4*u + 20. Let y(z) = 32*z - 124. Let x be y(4). What is p(x)?
4
Let r(v) = -2*v + v**2 + 0*v**2 + 5*v. Suppose 0 = 5*q + 2*y - 75, -2*y + 7 = -q + 22. Suppose q*w = 58 - 13. Determine r(w).
18
Let n(t) = -t + 40 - 17 - 5*t - 19. What is n(-3)?
22
Suppose -18 + 9 = -3*g. Suppose -g*x + 0*s = -2*s - 21, -3*s = -x. Suppose -2*v + 3 = -x. Let w(a) = -a**3 + 5*a**2 + 4*a + 1. Determine w(v).
-11
Let j(q) = 5 - 3 + 0*q - q. Let b = 10 - 4. Suppose 7*r = b*r + 5. Calcula